n 47 is divided by l.
15
Suppose 2*a + 2 - 392 = 0. Calculate the remainder when 76 is divided by 2*(7/(70/a) + -3).
10
Let w = -3924 + 4156. Calculate the remainder when w is divided by 76.
4
Let i(n) = 2*n**2 - 26*n + 7. Let g be i(13). Suppose 5*q - 66 = 49. What is the remainder when 84/10*(g + -2) is divided by q?
19
Suppose -z - m + 1414 = 0, -2479*m + 2484*m = -3*z + 4246. What is the remainder when 2829 is divided by z?
5
Suppose -3*y + 75 = 15. Suppose 13*m = -0*m + 507. What is the remainder when m is divided by y?
19
Let l = 2 - -4. Suppose -5*x + l*x - 5 = 0. Suppose -58 = -2*w + x*j + 5, 150 = 5*w - 5*j. What is the remainder when 54 is divided by w?
25
Let f = 7115 + -7093. Calculate the remainder when 102 is divided by f.
14
Let k be (-13 + 9 - -1) + -87. Calculate the remainder when (10 - k/(-10))*25 is divided by 9.
7
Suppose -30*o - 15274 = -69814. What is the remainder when o is divided by 17?
16
Let v = -29 + 42. Calculate the remainder when (-11)/(132/120) - -72 is divided by v.
10
Suppose -2*v = -6*v + 40. What is the remainder when -177*(-9)/(-6)*8/(-36) is divided by v?
9
Let f = 320 - -104. What is the remainder when f is divided by 72?
64
Let m(z) = -z**3 + 11*z**2 + 10*z + 27. What is the remainder when 7669 is divided by m(11)?
134
What is the remainder when 3*6/9 + 118 + (-29 - -10) is divided by 25?
1
Suppose w + 3*j - 1383 = 0, 0 = -3*w - j + 758 + 3343. Calculate the remainder when w is divided by 14.
7
Let p(i) = 4*i**2 + 1. Let u = -3188 + 3357. Calculate the remainder when u is divided by p(2).
16
Let l = -192 + 208. Let q = 162 + -2. Suppose -2*f + q = -2*u + 6, 2*u = -5*f + 385. Calculate the remainder when f is divided by l.
13
Suppose -2*w - v + 94 = -6*v, 4*v + 16 = 0. Suppose -1260 = -51*j + w*j. What is the remainder when 174 is divided by j?
84
Suppose 0 = 22*v - 82 - 248. Suppose -5*w = -4*l + 9, l + 0*l + 5*w + 4 = 0. Let z(a) = 74*a. Calculate the remainder when z(l) is divided by v.
14
Let d(l) = -5*l**2 - 7*l - 22. Let r be d(-3). Let f be ((-1)/(-2) + 0)/((-23)/r). Let o = 17 + f. What is the remainder when 32 is divided by o?
14
Suppose 815*d - 868*d + 2202 + 4847 = 0. Calculate the remainder when 3728 is divided by d.
4
Let s = 4002 - 3936. What is the remainder when 923 is divided by s?
65
Suppose -22*p - 5*h = -19*p - 130, 0 = -4*h - 16. Let j(y) = 3*y**2 + 30*y**3 - 4*y**2 - 13*y**3 + 1. What is the remainder when p is divided by j(1)?
16
Suppose 11*w - 1038 + 213 = 0. Let q be w/(-100) + (-11)/(-4). Suppose 5*d = q*p - 9, 3*p - 29 + 7 = -d. What is the remainder when 32 is divided by p?
4
Let v be (7 - 9 - -2)/(-2 - -3). Calculate the remainder when 5/20*(v - -644) is divided by 42.
35
Let f = 27199 + -26914. What is the remainder when 5978 is divided by f?
278
Let r(q) = q**2 - 11*q + 27. Let b be r(6). Let z(p) = -33*p**2 + p + 1. Let u be z(-1). Let w = b - u. What is the remainder when 58 is divided by w?
28
Let h(r) = -r**3 - 30*r**2 - 161*r - 61. Calculate the remainder when h(-24) is divided by 3.
2
Suppose 427*i - 422*i - 25782 = -2*z, 2*z + 20640 = 4*i. Calculate the remainder when i is divided by 172.
170
Let o be (-109 - 5)*22/(-44). Suppose 6*t + o - 183 = 0. Calculate the remainder when 1 + -1 - (-166)/2 is divided by t.
20
Let a(w) = -w**3 - 3*w**2 - 6*w + 48. What is the remainder when 972 is divided by a(-6)?
12
Let c(j) = j**3 - 8*j + 4. Calculate the remainder when c(5) is divided by 65.
24
Calculate the remainder when (-3)/((-8529)/2130 - (12 - -8)/(-5)) is divided by 34.
30
Let l be 2514/4 - (-12)/(-8). Let u = -479 - -890. Suppose l = 6*z - u. What is the remainder when z is divided by 35?
33
Let c = -29054 - -29056. Let o = 15 - 2. Calculate the remainder when o is divided by c.
1
Suppose -3*o + 237 = -213. Let f = 751371 + -751345. What is the remainder when o is divided by f?
20
Suppose 141 = -0*h + 3*h. Let g be (33/(-6) - -3)*-2. Suppose y - 5 - g = 0. What is the remainder when h is divided by y?
7
Let f = -8454 + 11434. What is the remainder when f is divided by 22?
10
Calculate the remainder when 64156/172 + (3 - 24) is divided by 206.
146
Let o(n) = -3*n**2 - 91*n + 131. What is the remainder when o(-31) is divided by -4*((-13)/4 - -1)?
6
Let k(i) = -8*i + 2. Let g be k(-13). Suppose -63*q + 62*q = -g. Calculate the remainder when q is divided by 18.
16
Let a(i) = 2*i - 8. Let c be ((-3)/(-6))/(2/44). Calculate the remainder when 63 is divided by a(c).
7
Suppose -2*k + 0*r = -3*r + 4, -r = -3*k + 8. Calculate the remainder when 709 is divided by k.
1
Let x be (-4 - -803) + (10 - (-5 - -10)). Suppose -8*o + x - 700 = 0. Let d(q) = q**3 + 6*q**2 + q - 3. Calculate the remainder when d(-4) is divided by o.
12
Let x(h) = -h**2 - 30*h - 29. Let p be x(-28). Let j = p - 11. Calculate the remainder when 78 is divided by j.
14
Suppose 8*r = 3*r + 325. Suppose 5*y = 105 - r. Suppose -y*j + 87 = -5*j. Calculate the remainder when 112 is divided by j.
25
Suppose 2*j = -2*z - 50, z - 47 = 6*j - 4*j. Let l = j + 25. Let x = l + 13. What is the remainder when 66 is divided by x?
10
Let m(h) = 2*h**2 + 14*h + 15. Let d = 236 - 243. What is the remainder when (-802)/(-14) + (-2)/7 is divided by m(d)?
12
Calculate the remainder when 689 is divided by 17/(24/3 + -11 + 4).
9
Let j(s) = 3*s**3 - 8*s**2 - 3*s - 11. Let l(g) = 8*g**2 - 22*g. Calculate the remainder when j(5) is divided by l(-1).
29
Let r be 17/68 + (-10)/8. Let z(g) = -70*g**3 - g**2 - 1. Let q be z(r). Suppose 2*b - q = 58. Calculate the remainder when b is divided by 22.
19
What is the remainder when 2445 is divided by (41 + 657)/((-5)/(-2) + 8/(-16))?
2
Let r be 20224/448*(-14)/(-4). Let y = -95 + r. Calculate the remainder when y is divided by 17.
12
Suppose 402*r - 397*r = 125. Let i = -177 + 269. Calculate the remainder when i is divided by r.
17
What is the remainder when (-18)/((-3060)/(-9622))*(2 - 12)/1 is divided by 54?
26
Let s = -476 + 134. Calculate the remainder when 118 is divided by s/(-12) - 3/(-2).
28
Suppose -17*l + 335 + 302 - 433 = 0. Calculate the remainder when 24 is divided by l.
0
Let j be (-23)/(46/(-12)) + -3. Suppose -415 + 526 = j*z. Calculate the remainder when 169 is divided by z.
21
Let c(y) = 3*y**2 - 176*y + 505. Calculate the remainder when c(57) is divided by 120.
100
Suppose 0 = -21*t + 2*t + 380. Let n(w) = -2*w - 1. Let s be n(5). Calculate the remainder when (s/2)/((-4)/56) is divided by t.
17
Let t(a) = a**3 - 12*a**2 + 5*a - 10. Let x be t(11). Let j = x + 98. Calculate the remainder when j is divided by 6.
4
Suppose 87*o - 18165 = -1983. Calculate the remainder when o is divided by 80.
26
Let d(b) = -2*b**2 - 54*b + 91. Let f be d(-27). Let x = f - -528. What is the remainder when x is divided by 69?
67
Suppose 7*h + 249 = 802. Suppose -75 = -17*z + 78. Suppose -z = 3*a - 90. Calculate the remainder when h is divided by a.
25
Let q = 745691 + -745624. Calculate the remainder when -1*2*1 - -669 is divided by q.
64
Let o be ((-2)/1 + -1)*(-35)/21. Suppose 4*t - o*m - 300 - 1164 = 0, 5*m = 0. Suppose 7*b = -128 + t. Calculate the remainder when 64 is divided by b.
30
Let a(w) = -29*w + 2678. Calculate the remainder when a(-30) is divided by 254.
246
Let g = 653 - 1200. Let b = 884 + g. Calculate the remainder when b is divided by 68.
65
Suppose 14*v = 24266 + 16250. What is the remainder when v is divided by 100?
94
Let m = -1611 - -1640. Let g(u) = 12*u**2 + 2. Suppose -z + 4*c = 10, -4*z + z + 2*c = 0. What is the remainder when g(z) is divided by m?
21
Suppose 0 = -4*g + 3*y + 364, -4*y + 0 = g - 72. What is the remainder when 3694 is divided by g?
86
Let f(r) = -r**2 - 6*r + 1. Let o be f(-6). Let k = -62 + 96. What is the remainder when k is divided by (2 + o)/((-1)/(-3))?
7
Let t(m) = 3*m - 21. Let n = 42 + -34. Let y be t(n). Suppose -2*w - y*w = -40. Calculate the remainder when w is divided by 3.
2
Let y(v) = -v**3 - 6*v**2 + 8*v - 6. Let d be (4 + -3)*-9 + 0 + 1. Calculate the remainder when y(d) is divided by 174/15 - (-12)/30.
10
What is the remainder when ((-2)/5)/(726/605)*-585 is divided by 185?
10
Let s(c) = c + c - 4*c - 2*c. Let d be s(3). Let u = d - -18. What is the remainder when 23 is divided by u?
5
Let c(k) = -18*k + 3. Let m be c(-4). Let q = -6